{"id":557,"date":"2023-09-17T21:36:57","date_gmt":"2020-10-17T18:36:57","guid":{"rendered":"http:\/\/demo.safirtema.com\/anka\/wp-content\/uploads\/2020\/10\/apple-iphone-12-kutusunu-fransada-bosaltamadi-sebebi-bakin-ne-1.jpg"},"modified":"2023-09-17T21:36:57","modified_gmt":"2023-09-17T18:36:57","slug":"apple-iphone-12-kutusunu-fransada-bosaltamadi-sebebi-bakin-ne-4","status":"inherit","type":"attachment","link":"https:\/\/haberpres.com\/?attachment_id=557","title":{"rendered":"Apple iPhone 12 kutusunu Fransa&#8217;da bo\u015faltamad\u0131 sebebi bak\u0131n ne"},"author":1,"featured_media":0,"comment_status":"open","ping_status":"closed","template":"","meta":[],"class_list":["post-557","attachment","type-attachment","status-inherit","hentry"],"description":{"rendered":"<p class=\"attachment\"><a href='https:\/\/haberpres.com\/wp-content\/uploads\/2020\/10\/apple-iphone-12-kutusunu-fransada-bosaltamadi-sebebi-bakin-ne-1.jpg'><img loading=\"lazy\" decoding=\"async\" width=\"300\" height=\"169\" src=\"https:\/\/haberpres.com\/wp-content\/uploads\/2020\/10\/apple-iphone-12-kutusunu-fransada-bosaltamadi-sebebi-bakin-ne-1-300x169.jpg\" class=\"attachment-medium size-medium\" alt=\"\" srcset=\"https:\/\/haberpres.com\/wp-content\/uploads\/2020\/10\/apple-iphone-12-kutusunu-fransada-bosaltamadi-sebebi-bakin-ne-1-300x169.jpg 300w, https:\/\/haberpres.com\/wp-content\/uploads\/2020\/10\/apple-iphone-12-kutusunu-fransada-bosaltamadi-sebebi-bakin-ne-1-768x433.jpg 768w, https:\/\/haberpres.com\/wp-content\/uploads\/2020\/10\/apple-iphone-12-kutusunu-fransada-bosaltamadi-sebebi-bakin-ne-1.jpg 1000w\" sizes=\"auto, (max-width: 300px) 100vw, 300px\" \/><\/a><\/p>\n<p>S\u00f6z konusu iddialar \u015firketin sal\u0131 ak\u015fam\u0131 ger\u00e7ekle\u015ftirdi\u011fi lansmandan sonra resmiyet kazanm\u0131\u015f, iPhone 12 serisinin kutusunda \u015farj adapt\u00f6r\u00fc ve kulakl\u0131\u011f\u0131n yer almayaca\u011f\u0131 belli olmu\u015ftu.<\/p>\n"},"caption":{"rendered":"<p>S\u00f6z konusu iddialar \u015firketin sal\u0131 ak\u015fam\u0131 ger\u00e7ekle\u015ftirdi\u011fi lansmandan sonra resmiyet kazanm\u0131\u015f, iPhone 12 serisinin kutusunda \u015farj adapt\u00f6r\u00fc ve kulakl\u0131\u011f\u0131n yer almayaca\u011f\u0131 belli olmu\u015ftu.<\/p>\n"},"alt_text":"","media_type":"image","mime_type":"image\/jpeg","media_details":{"width":1000,"height":564,"file":"2020\/10\/apple-iphone-12-kutusunu-fransada-bosaltamadi-sebebi-bakin-ne-1.jpg","sizes":{"medium":{"file":"apple-iphone-12-kutusunu-fransada-bosaltamadi-sebebi-bakin-ne-1-300x169.jpg","width":300,"height":169,"mime_type":"image\/jpeg","source_url":"https:\/\/haberpres.com\/wp-content\/uploads\/2020\/10\/apple-iphone-12-kutusunu-fransada-bosaltamadi-sebebi-bakin-ne-1-300x169.jpg"},"thumbnail":{"file":"apple-iphone-12-kutusunu-fransada-bosaltamadi-sebebi-bakin-ne-1-150x150.jpg","width":150,"height":150,"mime_type":"image\/jpeg","source_url":"https:\/\/haberpres.com\/wp-content\/uploads\/2020\/10\/apple-iphone-12-kutusunu-fransada-bosaltamadi-sebebi-bakin-ne-1-150x150.jpg"},"medium_large":{"file":"apple-iphone-12-kutusunu-fransada-bosaltamadi-sebebi-bakin-ne-1-768x433.jpg","width":768,"height":433,"mime_type":"image\/jpeg","source_url":"https:\/\/haberpres.com\/wp-content\/uploads\/2020\/10\/apple-iphone-12-kutusunu-fransada-bosaltamadi-sebebi-bakin-ne-1-768x433.jpg"},"full":{"file":"apple-iphone-12-kutusunu-fransada-bosaltamadi-sebebi-bakin-ne-1.jpg","width":1000,"height":564,"mime_type":"image\/jpeg","source_url":"https:\/\/haberpres.com\/wp-content\/uploads\/2020\/10\/apple-iphone-12-kutusunu-fransada-bosaltamadi-sebebi-bakin-ne-1.jpg"}},"image_meta":{"aperture":"0","credit":"","camera":"","caption":"","created_timestamp":"0","copyright":"","focal_length":"0","iso":"0","shutter_speed":"0","title":"","orientation":"0","keywords":[]}},"post":554,"source_url":"https:\/\/haberpres.com\/wp-content\/uploads\/2020\/10\/apple-iphone-12-kutusunu-fransada-bosaltamadi-sebebi-bakin-ne-1.jpg","_links":{"self":[{"href":"https:\/\/haberpres.com\/index.php?rest_route=\/wp\/v2\/media\/557","targetHints":{"allow":["GET"]}}],"collection":[{"href":"https:\/\/haberpres.com\/index.php?rest_route=\/wp\/v2\/media"}],"about":[{"href":"https:\/\/haberpres.com\/index.php?rest_route=\/wp\/v2\/types\/attachment"}],"author":[{"embeddable":true,"href":"https:\/\/haberpres.com\/index.php?rest_route=\/wp\/v2\/users\/1"}],"replies":[{"embeddable":true,"href":"https:\/\/haberpres.com\/index.php?rest_route=%2Fwp%2Fv2%2Fcomments&post=557"}],"wp:attached-to":[{"embeddable":true,"post_type":"post","id":554,"href":"https:\/\/haberpres.com\/index.php?rest_route=\/wp\/v2\/posts\/554"}],"curies":[{"name":"wp","href":"https:\/\/api.w.org\/{rel}","templated":true}]}}

Apple iPhone 12 kutusunu Fransa&#8217;da boşaltamadı sebebi bakın ne

<p class="attachment"><a href='https://haberpres.com/wp-content/uploads/2020/10/apple-iphone-12-kutusunu-fransada-bosaltamadi-sebebi-bakin-ne-1.jpg'><img loading="lazy" decoding="async" width="300" height="169" src="https://haberpres.com/wp-content/uploads/2020/10/apple-iphone-12-kutusunu-fransada-bosaltamadi-sebebi-bakin-ne-1-300x169.jpg" class="attachment-medium size-medium" alt="" srcset="https://haberpres.com/wp-content/uploads/2020/10/apple-iphone-12-kutusunu-fransada-bosaltamadi-sebebi-bakin-ne-1-300x169.jpg 300w, https://haberpres.com/wp-content/uploads/2020/10/apple-iphone-12-kutusunu-fransada-bosaltamadi-sebebi-bakin-ne-1-768x433.jpg 768w, https://haberpres.com/wp-content/uploads/2020/10/apple-iphone-12-kutusunu-fransada-bosaltamadi-sebebi-bakin-ne-1.jpg 1000w" sizes="auto, (max-width: 300px) 100vw, 300px" /></a></p>
<p>Söz konusu iddialar şirketin salı akşamı gerçekleştirdiği lansmandan sonra resmiyet kazanmış, iPhone 12 serisinin kutusunda şarj adaptörü ve kulaklığın yer almayacağı belli olmuştu.</p>

<p>Söz konusu iddialar şirketin salı akşamı gerçekleştirdiği lansmandan sonra resmiyet kazanmış, iPhone 12 serisinin kutusunda şarj adaptörü ve kulaklığın yer almayacağı belli olmuştu.</p>
