{"id":559,"date":"2023-09-17T21:36:58","date_gmt":"2020-10-17T18:36:58","guid":{"rendered":"http:\/\/demo.safirtema.com\/anka\/wp-content\/uploads\/2020\/10\/apple-iphone-12-kutusunu-fransada-bosaltamadi-sebebi-bakin-ne-3.jpg"},"modified":"2023-09-17T21:36:58","modified_gmt":"2023-09-17T18:36:58","slug":"apple-iphone-12-kutusunu-fransada-bosaltamadi-sebebi-bakin-ne-6","status":"inherit","type":"attachment","link":"https:\/\/haberpres.com\/?attachment_id=559","title":{"rendered":"Apple iPhone 12 kutusunu Fransa&#8217;da bo\u015faltamad\u0131 sebebi bak\u0131n ne"},"author":1,"featured_media":0,"comment_status":"open","ping_status":"closed","template":"","meta":[],"class_list":["post-559","attachment","type-attachment","status-inherit","hentry"],"description":{"rendered":"<p class=\"attachment\"><a href='https:\/\/haberpres.com\/wp-content\/uploads\/2020\/10\/apple-iphone-12-kutusunu-fransada-bosaltamadi-sebebi-bakin-ne-3.jpg'><img loading=\"lazy\" decoding=\"async\" width=\"300\" height=\"159\" src=\"https:\/\/haberpres.com\/wp-content\/uploads\/2020\/10\/apple-iphone-12-kutusunu-fransada-bosaltamadi-sebebi-bakin-ne-3-300x159.jpg\" class=\"attachment-medium size-medium\" alt=\"\" srcset=\"https:\/\/haberpres.com\/wp-content\/uploads\/2020\/10\/apple-iphone-12-kutusunu-fransada-bosaltamadi-sebebi-bakin-ne-3-300x159.jpg 300w, https:\/\/haberpres.com\/wp-content\/uploads\/2020\/10\/apple-iphone-12-kutusunu-fransada-bosaltamadi-sebebi-bakin-ne-3-768x408.jpg 768w, https:\/\/haberpres.com\/wp-content\/uploads\/2020\/10\/apple-iphone-12-kutusunu-fransada-bosaltamadi-sebebi-bakin-ne-3.jpg 1000w\" sizes=\"auto, (max-width: 300px) 100vw, 300px\" \/><\/a><\/p>\n<p>Ancak Apple\u2019\u0131n bu karar\u0131 Fransa i\u00e7in ge\u00e7erli olmayacak. Zira \u00fclkede y\u00fcr\u00fcrl\u00fckte olan bir yasa \u015firketin kutuda kulakl\u0131\u011fa yer vermesini zorunlu k\u0131l\u0131yor.<\/p>\n"},"caption":{"rendered":"<p>Ancak Apple\u2019\u0131n bu karar\u0131 Fransa i\u00e7in ge\u00e7erli olmayacak. Zira \u00fclkede y\u00fcr\u00fcrl\u00fckte olan bir yasa \u015firketin kutuda kulakl\u0131\u011fa yer vermesini zorunlu k\u0131l\u0131yor.<\/p>\n"},"alt_text":"","media_type":"image","mime_type":"image\/jpeg","media_details":{"width":1000,"height":531,"file":"2020\/10\/apple-iphone-12-kutusunu-fransada-bosaltamadi-sebebi-bakin-ne-3.jpg","sizes":{"medium":{"file":"apple-iphone-12-kutusunu-fransada-bosaltamadi-sebebi-bakin-ne-3-300x159.jpg","width":300,"height":159,"mime_type":"image\/jpeg","source_url":"https:\/\/haberpres.com\/wp-content\/uploads\/2020\/10\/apple-iphone-12-kutusunu-fransada-bosaltamadi-sebebi-bakin-ne-3-300x159.jpg"},"thumbnail":{"file":"apple-iphone-12-kutusunu-fransada-bosaltamadi-sebebi-bakin-ne-3-150x150.jpg","width":150,"height":150,"mime_type":"image\/jpeg","source_url":"https:\/\/haberpres.com\/wp-content\/uploads\/2020\/10\/apple-iphone-12-kutusunu-fransada-bosaltamadi-sebebi-bakin-ne-3-150x150.jpg"},"medium_large":{"file":"apple-iphone-12-kutusunu-fransada-bosaltamadi-sebebi-bakin-ne-3-768x408.jpg","width":768,"height":408,"mime_type":"image\/jpeg","source_url":"https:\/\/haberpres.com\/wp-content\/uploads\/2020\/10\/apple-iphone-12-kutusunu-fransada-bosaltamadi-sebebi-bakin-ne-3-768x408.jpg"},"full":{"file":"apple-iphone-12-kutusunu-fransada-bosaltamadi-sebebi-bakin-ne-3.jpg","width":1000,"height":531,"mime_type":"image\/jpeg","source_url":"https:\/\/haberpres.com\/wp-content\/uploads\/2020\/10\/apple-iphone-12-kutusunu-fransada-bosaltamadi-sebebi-bakin-ne-3.jpg"}},"image_meta":{"aperture":"0","credit":"","camera":"","caption":"","created_timestamp":"0","copyright":"","focal_length":"0","iso":"0","shutter_speed":"0","title":"","orientation":"0","keywords":[]}},"post":554,"source_url":"https:\/\/haberpres.com\/wp-content\/uploads\/2020\/10\/apple-iphone-12-kutusunu-fransada-bosaltamadi-sebebi-bakin-ne-3.jpg","_links":{"self":[{"href":"https:\/\/haberpres.com\/index.php?rest_route=\/wp\/v2\/media\/559","targetHints":{"allow":["GET"]}}],"collection":[{"href":"https:\/\/haberpres.com\/index.php?rest_route=\/wp\/v2\/media"}],"about":[{"href":"https:\/\/haberpres.com\/index.php?rest_route=\/wp\/v2\/types\/attachment"}],"author":[{"embeddable":true,"href":"https:\/\/haberpres.com\/index.php?rest_route=\/wp\/v2\/users\/1"}],"replies":[{"embeddable":true,"href":"https:\/\/haberpres.com\/index.php?rest_route=%2Fwp%2Fv2%2Fcomments&post=559"}],"wp:attached-to":[{"embeddable":true,"post_type":"post","id":554,"href":"https:\/\/haberpres.com\/index.php?rest_route=\/wp\/v2\/posts\/554"}],"curies":[{"name":"wp","href":"https:\/\/api.w.org\/{rel}","templated":true}]}}

Apple iPhone 12 kutusunu Fransa&#8217;da boşaltamadı sebebi bakın ne

<p class="attachment"><a href='https://haberpres.com/wp-content/uploads/2020/10/apple-iphone-12-kutusunu-fransada-bosaltamadi-sebebi-bakin-ne-3.jpg'><img loading="lazy" decoding="async" width="300" height="159" src="https://haberpres.com/wp-content/uploads/2020/10/apple-iphone-12-kutusunu-fransada-bosaltamadi-sebebi-bakin-ne-3-300x159.jpg" class="attachment-medium size-medium" alt="" srcset="https://haberpres.com/wp-content/uploads/2020/10/apple-iphone-12-kutusunu-fransada-bosaltamadi-sebebi-bakin-ne-3-300x159.jpg 300w, https://haberpres.com/wp-content/uploads/2020/10/apple-iphone-12-kutusunu-fransada-bosaltamadi-sebebi-bakin-ne-3-768x408.jpg 768w, https://haberpres.com/wp-content/uploads/2020/10/apple-iphone-12-kutusunu-fransada-bosaltamadi-sebebi-bakin-ne-3.jpg 1000w" sizes="auto, (max-width: 300px) 100vw, 300px" /></a></p>
<p>Ancak Apple’ın bu kararı Fransa için geçerli olmayacak. Zira ülkede yürürlükte olan bir yasa şirketin kutuda kulaklığa yer vermesini zorunlu kılıyor.</p>

<p>Ancak Apple’ın bu kararı Fransa için geçerli olmayacak. Zira ülkede yürürlükte olan bir yasa şirketin kutuda kulaklığa yer vermesini zorunlu kılıyor.</p>
