{"id":560,"date":"2023-09-17T21:36:59","date_gmt":"2020-10-17T18:36:59","guid":{"rendered":"http:\/\/demo.safirtema.com\/anka\/wp-content\/uploads\/2020\/10\/apple-iphone-12-kutusunu-fransada-bosaltamadi-sebebi-bakin-ne-4.jpg"},"modified":"2023-09-17T21:36:59","modified_gmt":"2023-09-17T18:36:59","slug":"apple-iphone-12-kutusunu-fransada-bosaltamadi-sebebi-bakin-ne-7","status":"inherit","type":"attachment","link":"https:\/\/haberpres.com\/?attachment_id=560","title":{"rendered":"Apple iPhone 12 kutusunu Fransa&#8217;da bo\u015faltamad\u0131 sebebi bak\u0131n ne"},"author":1,"featured_media":0,"comment_status":"open","ping_status":"closed","template":"","meta":[],"class_list":["post-560","attachment","type-attachment","status-inherit","hentry"],"description":{"rendered":"<p class=\"attachment\"><a href='https:\/\/haberpres.com\/wp-content\/uploads\/2020\/10\/apple-iphone-12-kutusunu-fransada-bosaltamadi-sebebi-bakin-ne-4.jpg'><img loading=\"lazy\" decoding=\"async\" width=\"300\" height=\"264\" src=\"https:\/\/haberpres.com\/wp-content\/uploads\/2020\/10\/apple-iphone-12-kutusunu-fransada-bosaltamadi-sebebi-bakin-ne-4-300x264.jpg\" class=\"attachment-medium size-medium\" alt=\"\" srcset=\"https:\/\/haberpres.com\/wp-content\/uploads\/2020\/10\/apple-iphone-12-kutusunu-fransada-bosaltamadi-sebebi-bakin-ne-4-300x264.jpg 300w, https:\/\/haberpres.com\/wp-content\/uploads\/2020\/10\/apple-iphone-12-kutusunu-fransada-bosaltamadi-sebebi-bakin-ne-4-768x675.jpg 768w, https:\/\/haberpres.com\/wp-content\/uploads\/2020\/10\/apple-iphone-12-kutusunu-fransada-bosaltamadi-sebebi-bakin-ne-4.jpg 1000w\" sizes=\"auto, (max-width: 300px) 100vw, 300px\" \/><\/a><\/p>\n<p>Bu\u00a0nedenle\u00a0Apple\u00a0Fransa\u2019da\u00a0satt\u0131\u011f\u0131\u00a0iPhone 12\u00a0serisinde\u00a0\u015farj\u00a0adapt\u00f6r\u00fcne\u00a0yer\u00a0vermese\u00a0de EarPods\u00a0kulakl\u0131\u011fa\u00a0yer\u00a0vermek\u00a0zorunda kalacak.<\/p>\n"},"caption":{"rendered":"<p>Bu\u00a0nedenle\u00a0Apple\u00a0Fransa\u2019da\u00a0satt\u0131\u011f\u0131\u00a0iPhone 12\u00a0serisinde\u00a0\u015farj\u00a0adapt\u00f6r\u00fcne\u00a0yer\u00a0vermese\u00a0de EarPods\u00a0kulakl\u0131\u011fa\u00a0yer\u00a0vermek\u00a0zorunda kalacak.<\/p>\n"},"alt_text":"","media_type":"image","mime_type":"image\/jpeg","media_details":{"width":1000,"height":879,"file":"2020\/10\/apple-iphone-12-kutusunu-fransada-bosaltamadi-sebebi-bakin-ne-4.jpg","sizes":{"medium":{"file":"apple-iphone-12-kutusunu-fransada-bosaltamadi-sebebi-bakin-ne-4-300x264.jpg","width":300,"height":264,"mime_type":"image\/jpeg","source_url":"https:\/\/haberpres.com\/wp-content\/uploads\/2020\/10\/apple-iphone-12-kutusunu-fransada-bosaltamadi-sebebi-bakin-ne-4-300x264.jpg"},"thumbnail":{"file":"apple-iphone-12-kutusunu-fransada-bosaltamadi-sebebi-bakin-ne-4-150x150.jpg","width":150,"height":150,"mime_type":"image\/jpeg","source_url":"https:\/\/haberpres.com\/wp-content\/uploads\/2020\/10\/apple-iphone-12-kutusunu-fransada-bosaltamadi-sebebi-bakin-ne-4-150x150.jpg"},"medium_large":{"file":"apple-iphone-12-kutusunu-fransada-bosaltamadi-sebebi-bakin-ne-4-768x675.jpg","width":768,"height":675,"mime_type":"image\/jpeg","source_url":"https:\/\/haberpres.com\/wp-content\/uploads\/2020\/10\/apple-iphone-12-kutusunu-fransada-bosaltamadi-sebebi-bakin-ne-4-768x675.jpg"},"full":{"file":"apple-iphone-12-kutusunu-fransada-bosaltamadi-sebebi-bakin-ne-4.jpg","width":1000,"height":879,"mime_type":"image\/jpeg","source_url":"https:\/\/haberpres.com\/wp-content\/uploads\/2020\/10\/apple-iphone-12-kutusunu-fransada-bosaltamadi-sebebi-bakin-ne-4.jpg"}},"image_meta":{"aperture":"0","credit":"","camera":"","caption":"","created_timestamp":"0","copyright":"","focal_length":"0","iso":"0","shutter_speed":"0","title":"","orientation":"0","keywords":[]}},"post":554,"source_url":"https:\/\/haberpres.com\/wp-content\/uploads\/2020\/10\/apple-iphone-12-kutusunu-fransada-bosaltamadi-sebebi-bakin-ne-4.jpg","_links":{"self":[{"href":"https:\/\/haberpres.com\/index.php?rest_route=\/wp\/v2\/media\/560","targetHints":{"allow":["GET"]}}],"collection":[{"href":"https:\/\/haberpres.com\/index.php?rest_route=\/wp\/v2\/media"}],"about":[{"href":"https:\/\/haberpres.com\/index.php?rest_route=\/wp\/v2\/types\/attachment"}],"author":[{"embeddable":true,"href":"https:\/\/haberpres.com\/index.php?rest_route=\/wp\/v2\/users\/1"}],"replies":[{"embeddable":true,"href":"https:\/\/haberpres.com\/index.php?rest_route=%2Fwp%2Fv2%2Fcomments&post=560"}],"wp:attached-to":[{"embeddable":true,"post_type":"post","id":554,"href":"https:\/\/haberpres.com\/index.php?rest_route=\/wp\/v2\/posts\/554"}],"curies":[{"name":"wp","href":"https:\/\/api.w.org\/{rel}","templated":true}]}}

Apple iPhone 12 kutusunu Fransa&#8217;da boşaltamadı sebebi bakın ne

<p class="attachment"><a href='https://haberpres.com/wp-content/uploads/2020/10/apple-iphone-12-kutusunu-fransada-bosaltamadi-sebebi-bakin-ne-4.jpg'><img loading="lazy" decoding="async" width="300" height="264" src="https://haberpres.com/wp-content/uploads/2020/10/apple-iphone-12-kutusunu-fransada-bosaltamadi-sebebi-bakin-ne-4-300x264.jpg" class="attachment-medium size-medium" alt="" srcset="https://haberpres.com/wp-content/uploads/2020/10/apple-iphone-12-kutusunu-fransada-bosaltamadi-sebebi-bakin-ne-4-300x264.jpg 300w, https://haberpres.com/wp-content/uploads/2020/10/apple-iphone-12-kutusunu-fransada-bosaltamadi-sebebi-bakin-ne-4-768x675.jpg 768w, https://haberpres.com/wp-content/uploads/2020/10/apple-iphone-12-kutusunu-fransada-bosaltamadi-sebebi-bakin-ne-4.jpg 1000w" sizes="auto, (max-width: 300px) 100vw, 300px" /></a></p>
<p>Bu nedenle Apple Fransa’da sattığı iPhone 12 serisinde şarj adaptörüne yer vermese de EarPods kulaklığa yer vermek zorunda kalacak.</p>

<p>Bu nedenle Apple Fransa’da sattığı iPhone 12 serisinde şarj adaptörüne yer vermese de EarPods kulaklığa yer vermek zorunda kalacak.</p>
