{"id":640,"date":"2023-09-17T21:46:12","date_gmt":"2020-10-17T18:46:12","guid":{"rendered":"http:\/\/demo.safirtema.com\/anka\/wp-content\/uploads\/2020\/10\/adele-memleketi-londraya-geri-donuyor-2.jpg"},"modified":"2023-09-17T21:46:12","modified_gmt":"2023-09-17T18:46:12","slug":"adele-memleketi-londraya-geri-donuyor-5","status":"inherit","type":"attachment","link":"https:\/\/haberpres.com\/?attachment_id=640","title":{"rendered":"Adele, memleketi Londra\u2019ya geri d\u00f6n\u00fcyor"},"author":1,"featured_media":0,"comment_status":"open","ping_status":"closed","template":"","meta":[],"class_list":["post-640","attachment","type-attachment","status-inherit","hentry"],"description":{"rendered":"<p class=\"attachment\"><a href='https:\/\/haberpres.com\/wp-content\/uploads\/2020\/10\/adele-memleketi-londraya-geri-donuyor-2.jpg'><img loading=\"lazy\" decoding=\"async\" width=\"300\" height=\"169\" src=\"https:\/\/haberpres.com\/wp-content\/uploads\/2020\/10\/adele-memleketi-londraya-geri-donuyor-2-300x169.jpg\" class=\"attachment-medium size-medium\" alt=\"\" srcset=\"https:\/\/haberpres.com\/wp-content\/uploads\/2020\/10\/adele-memleketi-londraya-geri-donuyor-2-300x169.jpg 300w, https:\/\/haberpres.com\/wp-content\/uploads\/2020\/10\/adele-memleketi-londraya-geri-donuyor-2.jpg 640w\" sizes=\"auto, (max-width: 300px) 100vw, 300px\" \/><\/a><\/p>\n<p>Ba\u015far\u0131l\u0131 &ccedil;iftin bu karar\u0131 vermesine ailelerine ve Simon&rsquo;un k\u0131z\u0131na yak\u0131n olmak istemeleri neden oldu.&nbsp;<\/p>\n"},"caption":{"rendered":"<p>Ba\u015far\u0131l\u0131 &ccedil;iftin bu karar\u0131 vermesine ailelerine ve Simon&rsquo;un k\u0131z\u0131na yak\u0131n olmak istemeleri neden oldu.&nbsp;<\/p>\n"},"alt_text":"","media_type":"image","mime_type":"image\/jpeg","media_details":{"width":640,"height":360,"file":"2020\/10\/adele-memleketi-londraya-geri-donuyor-2.jpg","sizes":{"medium":{"file":"adele-memleketi-londraya-geri-donuyor-2-300x169.jpg","width":300,"height":169,"mime_type":"image\/jpeg","source_url":"https:\/\/haberpres.com\/wp-content\/uploads\/2020\/10\/adele-memleketi-londraya-geri-donuyor-2-300x169.jpg"},"thumbnail":{"file":"adele-memleketi-londraya-geri-donuyor-2-150x150.jpg","width":150,"height":150,"mime_type":"image\/jpeg","source_url":"https:\/\/haberpres.com\/wp-content\/uploads\/2020\/10\/adele-memleketi-londraya-geri-donuyor-2-150x150.jpg"},"full":{"file":"adele-memleketi-londraya-geri-donuyor-2.jpg","width":640,"height":360,"mime_type":"image\/jpeg","source_url":"https:\/\/haberpres.com\/wp-content\/uploads\/2020\/10\/adele-memleketi-londraya-geri-donuyor-2.jpg"}},"image_meta":{"aperture":"0","credit":"","camera":"","caption":"","created_timestamp":"0","copyright":"","focal_length":"0","iso":"0","shutter_speed":"0","title":"","orientation":"0","keywords":[]}},"post":636,"source_url":"https:\/\/haberpres.com\/wp-content\/uploads\/2020\/10\/adele-memleketi-londraya-geri-donuyor-2.jpg","_links":{"self":[{"href":"https:\/\/haberpres.com\/index.php?rest_route=\/wp\/v2\/media\/640","targetHints":{"allow":["GET"]}}],"collection":[{"href":"https:\/\/haberpres.com\/index.php?rest_route=\/wp\/v2\/media"}],"about":[{"href":"https:\/\/haberpres.com\/index.php?rest_route=\/wp\/v2\/types\/attachment"}],"author":[{"embeddable":true,"href":"https:\/\/haberpres.com\/index.php?rest_route=\/wp\/v2\/users\/1"}],"replies":[{"embeddable":true,"href":"https:\/\/haberpres.com\/index.php?rest_route=%2Fwp%2Fv2%2Fcomments&post=640"}],"wp:attached-to":[{"embeddable":true,"post_type":"post","id":636,"href":"https:\/\/haberpres.com\/index.php?rest_route=\/wp\/v2\/posts\/636"}],"curies":[{"name":"wp","href":"https:\/\/api.w.org\/{rel}","templated":true}]}}

Adele, memleketi Londra’ya geri dönüyor

<p class="attachment"><a href='https://haberpres.com/wp-content/uploads/2020/10/adele-memleketi-londraya-geri-donuyor-2.jpg'><img loading="lazy" decoding="async" width="300" height="169" src="https://haberpres.com/wp-content/uploads/2020/10/adele-memleketi-londraya-geri-donuyor-2-300x169.jpg" class="attachment-medium size-medium" alt="" srcset="https://haberpres.com/wp-content/uploads/2020/10/adele-memleketi-londraya-geri-donuyor-2-300x169.jpg 300w, https://haberpres.com/wp-content/uploads/2020/10/adele-memleketi-londraya-geri-donuyor-2.jpg 640w" sizes="auto, (max-width: 300px) 100vw, 300px" /></a></p>
<p>Başarılı &ccedil;iftin bu kararı vermesine ailelerine ve Simon&rsquo;un kızına yakın olmak istemeleri neden oldu.&nbsp;</p>

<p>Başarılı &ccedil;iftin bu kararı vermesine ailelerine ve Simon&rsquo;un kızına yakın olmak istemeleri neden oldu.&nbsp;</p>
