{"id":641,"date":"2023-09-17T21:46:12","date_gmt":"2020-10-17T18:46:12","guid":{"rendered":"http:\/\/demo.safirtema.com\/anka\/wp-content\/uploads\/2020\/10\/adele-memleketi-londraya-geri-donuyor-3.jpg"},"modified":"2023-09-17T21:46:12","modified_gmt":"2023-09-17T18:46:12","slug":"adele-memleketi-londraya-geri-donuyor-6","status":"inherit","type":"attachment","link":"https:\/\/haberpres.com\/?attachment_id=641","title":{"rendered":"Adele, memleketi Londra\u2019ya geri d\u00f6n\u00fcyor"},"author":1,"featured_media":0,"comment_status":"open","ping_status":"closed","template":"","meta":[],"class_list":["post-641","attachment","type-attachment","status-inherit","hentry"],"description":{"rendered":"<p class=\"attachment\"><a href='https:\/\/haberpres.com\/wp-content\/uploads\/2020\/10\/adele-memleketi-londraya-geri-donuyor-3.jpg'><img loading=\"lazy\" decoding=\"async\" width=\"239\" height=\"300\" src=\"https:\/\/haberpres.com\/wp-content\/uploads\/2020\/10\/adele-memleketi-londraya-geri-donuyor-3-239x300.jpg\" class=\"attachment-medium size-medium\" alt=\"\" srcset=\"https:\/\/haberpres.com\/wp-content\/uploads\/2020\/10\/adele-memleketi-londraya-geri-donuyor-3-239x300.jpg 239w, https:\/\/haberpres.com\/wp-content\/uploads\/2020\/10\/adele-memleketi-londraya-geri-donuyor-3.jpg 510w\" sizes=\"auto, (max-width: 239px) 100vw, 239px\" \/><\/a><\/p>\n<p>Adele, \u0130ngiltere&rsquo;de yay\u0131mlanan Sunday Times Gazetesi&rsquo;nin gen&ccedil; zenginler listesinde bu y\u0131l 125 milyon Euro servetiyle sekizinci s\u0131rada yer alm\u0131\u015ft\u0131<\/p>\n<p>&nbsp;<\/p>\n"},"caption":{"rendered":"<p>Adele, \u0130ngiltere&rsquo;de yay\u0131mlanan Sunday Times Gazetesi&rsquo;nin gen&ccedil; zenginler listesinde bu y\u0131l 125 milyon Euro servetiyle sekizinci s\u0131rada yer alm\u0131\u015ft\u0131 &nbsp;<\/p>\n"},"alt_text":"","media_type":"image","mime_type":"image\/jpeg","media_details":{"width":510,"height":640,"file":"2020\/10\/adele-memleketi-londraya-geri-donuyor-3.jpg","sizes":{"medium":{"file":"adele-memleketi-londraya-geri-donuyor-3-239x300.jpg","width":239,"height":300,"mime_type":"image\/jpeg","source_url":"https:\/\/haberpres.com\/wp-content\/uploads\/2020\/10\/adele-memleketi-londraya-geri-donuyor-3-239x300.jpg"},"thumbnail":{"file":"adele-memleketi-londraya-geri-donuyor-3-150x150.jpg","width":150,"height":150,"mime_type":"image\/jpeg","source_url":"https:\/\/haberpres.com\/wp-content\/uploads\/2020\/10\/adele-memleketi-londraya-geri-donuyor-3-150x150.jpg"},"full":{"file":"adele-memleketi-londraya-geri-donuyor-3.jpg","width":510,"height":640,"mime_type":"image\/jpeg","source_url":"https:\/\/haberpres.com\/wp-content\/uploads\/2020\/10\/adele-memleketi-londraya-geri-donuyor-3.jpg"}},"image_meta":{"aperture":"0","credit":"","camera":"","caption":"","created_timestamp":"0","copyright":"","focal_length":"0","iso":"0","shutter_speed":"0","title":"","orientation":"0","keywords":[]}},"post":636,"source_url":"https:\/\/haberpres.com\/wp-content\/uploads\/2020\/10\/adele-memleketi-londraya-geri-donuyor-3.jpg","_links":{"self":[{"href":"https:\/\/haberpres.com\/index.php?rest_route=\/wp\/v2\/media\/641","targetHints":{"allow":["GET"]}}],"collection":[{"href":"https:\/\/haberpres.com\/index.php?rest_route=\/wp\/v2\/media"}],"about":[{"href":"https:\/\/haberpres.com\/index.php?rest_route=\/wp\/v2\/types\/attachment"}],"author":[{"embeddable":true,"href":"https:\/\/haberpres.com\/index.php?rest_route=\/wp\/v2\/users\/1"}],"replies":[{"embeddable":true,"href":"https:\/\/haberpres.com\/index.php?rest_route=%2Fwp%2Fv2%2Fcomments&post=641"}],"wp:attached-to":[{"embeddable":true,"post_type":"post","id":636,"href":"https:\/\/haberpres.com\/index.php?rest_route=\/wp\/v2\/posts\/636"}],"curies":[{"name":"wp","href":"https:\/\/api.w.org\/{rel}","templated":true}]}}

Adele, memleketi Londra’ya geri dönüyor

<p class="attachment"><a href='https://haberpres.com/wp-content/uploads/2020/10/adele-memleketi-londraya-geri-donuyor-3.jpg'><img loading="lazy" decoding="async" width="239" height="300" src="https://haberpres.com/wp-content/uploads/2020/10/adele-memleketi-londraya-geri-donuyor-3-239x300.jpg" class="attachment-medium size-medium" alt="" srcset="https://haberpres.com/wp-content/uploads/2020/10/adele-memleketi-londraya-geri-donuyor-3-239x300.jpg 239w, https://haberpres.com/wp-content/uploads/2020/10/adele-memleketi-londraya-geri-donuyor-3.jpg 510w" sizes="auto, (max-width: 239px) 100vw, 239px" /></a></p>
<p>Adele, İngiltere&rsquo;de yayımlanan Sunday Times Gazetesi&rsquo;nin gen&ccedil; zenginler listesinde bu yıl 125 milyon Euro servetiyle sekizinci sırada yer almıştı</p>
<p>&nbsp;</p>

<p>Adele, İngiltere&rsquo;de yayımlanan Sunday Times Gazetesi&rsquo;nin gen&ccedil; zenginler listesinde bu yıl 125 milyon Euro servetiyle sekizinci sırada yer almıştı &nbsp;</p>
