{"id":660,"date":"2023-09-17T21:48:22","date_gmt":"2020-10-17T18:48:22","guid":{"rendered":"http:\/\/demo.safirtema.com\/anka\/wp-content\/uploads\/2020\/10\/bella-hadid-kirmizi-ic-camasiriyla-kamera-karsisinda-10.jpg"},"modified":"2023-09-17T21:48:22","modified_gmt":"2023-09-17T18:48:22","slug":"bella-hadid-kirmizi-ic-camasiriyla-kamera-karsisinda-13","status":"inherit","type":"attachment","link":"https:\/\/haberpres.com\/?attachment_id=660","title":{"rendered":"Bella Hadid k\u0131rm\u0131z\u0131 i\u00e7 \u00e7ama\u015f\u0131r\u0131yla kamera kar\u015f\u0131s\u0131nda!"},"author":1,"featured_media":0,"comment_status":"open","ping_status":"closed","template":"","meta":[],"class_list":["post-660","attachment","type-attachment","status-inherit","hentry"],"description":{"rendered":"<p class=\"attachment\"><a href='https:\/\/haberpres.com\/wp-content\/uploads\/2020\/10\/bella-hadid-kirmizi-ic-camasiriyla-kamera-karsisinda-10.jpg'><img loading=\"lazy\" decoding=\"async\" width=\"300\" height=\"195\" src=\"https:\/\/haberpres.com\/wp-content\/uploads\/2020\/10\/bella-hadid-kirmizi-ic-camasiriyla-kamera-karsisinda-10-300x195.jpg\" class=\"attachment-medium size-medium\" alt=\"\" srcset=\"https:\/\/haberpres.com\/wp-content\/uploads\/2020\/10\/bella-hadid-kirmizi-ic-camasiriyla-kamera-karsisinda-10-300x195.jpg 300w, https:\/\/haberpres.com\/wp-content\/uploads\/2020\/10\/bella-hadid-kirmizi-ic-camasiriyla-kamera-karsisinda-10.jpg 640w\" sizes=\"auto, (max-width: 300px) 100vw, 300px\" \/><\/a><\/p>\n"},"caption":{"rendered":""},"alt_text":"","media_type":"image","mime_type":"image\/jpeg","media_details":{"width":640,"height":416,"file":"2020\/10\/bella-hadid-kirmizi-ic-camasiriyla-kamera-karsisinda-10.jpg","sizes":{"medium":{"file":"bella-hadid-kirmizi-ic-camasiriyla-kamera-karsisinda-10-300x195.jpg","width":300,"height":195,"mime_type":"image\/jpeg","source_url":"https:\/\/haberpres.com\/wp-content\/uploads\/2020\/10\/bella-hadid-kirmizi-ic-camasiriyla-kamera-karsisinda-10-300x195.jpg"},"thumbnail":{"file":"bella-hadid-kirmizi-ic-camasiriyla-kamera-karsisinda-10-150x150.jpg","width":150,"height":150,"mime_type":"image\/jpeg","source_url":"https:\/\/haberpres.com\/wp-content\/uploads\/2020\/10\/bella-hadid-kirmizi-ic-camasiriyla-kamera-karsisinda-10-150x150.jpg"},"full":{"file":"bella-hadid-kirmizi-ic-camasiriyla-kamera-karsisinda-10.jpg","width":640,"height":416,"mime_type":"image\/jpeg","source_url":"https:\/\/haberpres.com\/wp-content\/uploads\/2020\/10\/bella-hadid-kirmizi-ic-camasiriyla-kamera-karsisinda-10.jpg"}},"image_meta":{"aperture":"0","credit":"","camera":"","caption":"","created_timestamp":"0","copyright":"","focal_length":"0","iso":"0","shutter_speed":"0","title":"","orientation":"0","keywords":[]}},"post":648,"source_url":"https:\/\/haberpres.com\/wp-content\/uploads\/2020\/10\/bella-hadid-kirmizi-ic-camasiriyla-kamera-karsisinda-10.jpg","_links":{"self":[{"href":"https:\/\/haberpres.com\/index.php?rest_route=\/wp\/v2\/media\/660","targetHints":{"allow":["GET"]}}],"collection":[{"href":"https:\/\/haberpres.com\/index.php?rest_route=\/wp\/v2\/media"}],"about":[{"href":"https:\/\/haberpres.com\/index.php?rest_route=\/wp\/v2\/types\/attachment"}],"author":[{"embeddable":true,"href":"https:\/\/haberpres.com\/index.php?rest_route=\/wp\/v2\/users\/1"}],"replies":[{"embeddable":true,"href":"https:\/\/haberpres.com\/index.php?rest_route=%2Fwp%2Fv2%2Fcomments&post=660"}],"wp:attached-to":[{"embeddable":true,"post_type":"post","id":648,"href":"https:\/\/haberpres.com\/index.php?rest_route=\/wp\/v2\/posts\/648"}],"curies":[{"name":"wp","href":"https:\/\/api.w.org\/{rel}","templated":true}]}}

Bella Hadid kırmızı iç çamaşırıyla kamera karşısında!
